{"id":1910,"date":"2024-02-15T14:17:28","date_gmt":"2024-02-15T13:17:28","guid":{"rendered":"https:\/\/concerts.externes.foodle.co\/artistes\/marie-hallynck\/"},"modified":"2024-04-15T22:08:13","modified_gmt":"2024-04-15T20:08:13","slug":"marie-hallynck","status":"publish","type":"portfolio","link":"https:\/\/concertsduprintemps.be\/nl\/artistes\/marie-hallynck\/","title":{"rendered":"Marie Hallynck"},"content":{"rendered":"\n<style type=\"text\/css\" data-created_by=\"avia_inline_auto\" id=\"style-css-av-lsn8paw7-ab91516da55e70e1af1689777b6aecdb\">\n#top .av-special-heading.av-lsn8paw7-ab91516da55e70e1af1689777b6aecdb{\npadding-bottom:10px;\n}\nbody .av-special-heading.av-lsn8paw7-ab91516da55e70e1af1689777b6aecdb .av-special-heading-tag .heading-char{\nfont-size:25px;\n}\n.av-special-heading.av-lsn8paw7-ab91516da55e70e1af1689777b6aecdb .av-subheading{\nfont-size:15px;\n}\n<\/style>\n<div  class='av-special-heading av-lsn8paw7-ab91516da55e70e1af1689777b6aecdb av-special-heading-h1 blockquote classic-quote classic-quote-left  avia-builder-el-0  el_before_av_hr  avia-builder-el-first '><h1 class='av-special-heading-tag '  itemprop=\"headline\"  >Marie HALLYNCK<\/h1><div class='av-subheading av-subheading_below'><p>Celliste<\/p>\n<\/div><div class=\"special-heading-border\"><div class=\"special-heading-inner-border\"><\/div><\/div><\/div>\n\n<style type=\"text\/css\" data-created_by=\"avia_inline_auto\" id=\"style-css-av-6k5to9-f20406c5497d81b6b44d2411bce09391\">\n#top .hr.hr-invisible.av-6k5to9-f20406c5497d81b6b44d2411bce09391{\nheight:50px;\n}\n<\/style>\n<div  class='hr av-6k5to9-f20406c5497d81b6b44d2411bce09391 hr-invisible  avia-builder-el-1  el_after_av_heading  el_before_av_one_half '><span class='hr-inner '><span class=\"hr-inner-style\"><\/span><\/span><\/div>\n<div  class='flex_column av-49552x-e9f193744adc8fe675f6a16feca987df av_one_half  avia-builder-el-2  el_after_av_hr  el_before_av_one_half  first flex_column_div  '     ><section  class='av_textblock_section av-lsn8t1h0-3d1eb2294c4e24a67fd703664a84f04b '   itemscope=\"itemscope\" itemtype=\"https:\/\/schema.org\/CreativeWork\" ><div class='avia_textblock'  itemprop=\"text\" ><div id=\"tab1-1\" class=\"tab-pane fade in active text-justify\">\n<p>Als gevestigd soliste, kamermusicus en gepassioneerd docente is Marie Hallynck een van de meest vooraanstaande cellisten van haar generatie. Ze heeft opgetreden in prestigieuze zalen als het Concertgebouw in Amsterdam, de Musikverein in Wenen, de Wigmore Hall in Londen, de Symphony Hall in Birmingham, het Palais des Beaux-Arts in Brussel, het Th\u00e9\u00e2tre de la Ville en de Cit\u00e9 de la Musique in Parijs, de Philharmonie in Keulen en Berlijn, om er maar een paar te noemen. Ze trad op als soliste met het Filharmonisch Orkest van Sint-Petersburg, het Orchestre National de Belgique, het Rotterdams Philharmonisch Orkest, het Amsterdams Concertgebouw Kamerorkest, het Orchestre National de Lille, het Hong Kong Chinese Philharmonic Orchestra en naast pianisten C\u00e9dric Tiberghien, Jean-Claude Vanden Eynden en Muhiddin D\u00fcrr\u00fcoglu. In 2006 richtte ze samen met D\u00fcrr\u00fcoglu, klarinettist Ronald Van Spaendonck en harpiste Sophie Hallynck het Kheops Ensemble op, een kamermuziekensemble met variabele samenstelling dat bestaat uit een tiental internationaal gerenommeerde musici. Hun discografie reikt van Beethoven tot hedendaagse componisten, zoals blijkt uit het album Fugitives gewijd aan het werk van de pianist-componist van het ensemble (Cypr\u00e8s 2019). Opgeleid door F\u00e9licien Doyen, Reine Flachot, Edmond Baert, Janos Starker en Natalia Gutman, heeft Marie Hallynck zich onderscheiden in een aantal competities en verschillende prijzen ontvangen, waaronder een prijs op het beroemde Eurovisie klassieke muziek toernooi en de Tromp competitie (Eindhoven), erediploma&#8217;s van het Mozarteum in Salzburg en de Accademia Chigiana in Siena, en de prijs van de Belgische Stichting Roeping. Ze is ook laureaat van de Juventus Association en de Emile Bernheim Foundation. Ze werd ook verkozen tot &#8220;Rising Star&#8221; door de Association of European Concert Halls (2001) en &#8220;Soliste van het Jaar&#8221; door de Union of Belgian Music Press (2002). Haar talrijke opnames voor Harmonia Mundi, Fuga libera, Cypr\u00e8s, Alpha, Naxos, Ricercar, Musique en Wallonie en Warner Classics hebben haar de hoogste onderscheidingen van de vakpers opgeleverd. Als liefhebber van hedendaagse muziek bracht ze concerti in premi\u00e8re van Peter Swinnen, Dirk Bross\u00e9 (opgenomen met het London Symphony Orchestra) en Jean-Paul Dessy. Deze laatste zal binnenkort worden opgenomen. Naast haar concertactiviteiten geeft Marie Hallynck sinds haar 19e les aan het Koninklijk Conservatorium van Brussel. Ze werd ook uitgenodigd om in de jury te zetelen van prestigieuze internationale wedstrijden (ARD M\u00fcnich, Koningin Elisabethwedstrijd). Ze speelt op een prachtig Italiaans instrument van de bouwer Chiocchi (eind 19e eeuw).<\/p>\n<\/div>\n<\/div><\/section><\/div>\n<div  class='flex_column av-28tty1-1b2cceba2c3c9f716c584dca8c1e6910 av_one_half  avia-builder-el-4  el_after_av_one_half  avia-builder-el-last  flex_column_div  '     ><p>\n<style type=\"text\/css\" data-created_by=\"avia_inline_auto\" id=\"style-css-av-lsn8wnpt-8b82c13ce92f3539c3baf237c5b080e4\">\n.avia-image-container.av-lsn8wnpt-8b82c13ce92f3539c3baf237c5b080e4 img.avia_image{\nbox-shadow:none;\n}\n.avia-image-container.av-lsn8wnpt-8b82c13ce92f3539c3baf237c5b080e4 .av-image-caption-overlay-center{\ncolor:#ffffff;\n}\n<\/style>\n<div  class='avia-image-container av-lsn8wnpt-8b82c13ce92f3539c3baf237c5b080e4 av-styling- avia-align-center  avia-builder-el-5  el_before_av_buttonrow  avia-builder-el-first '   itemprop=\"image\" itemscope=\"itemscope\" itemtype=\"https:\/\/schema.org\/ImageObject\" ><div class=\"avia-image-container-inner\"><div class=\"avia-image-overlay-wrap\"><img decoding=\"async\" fetchpriority=\"high\" class='wp-image-1115 avia-img-lazy-loading-not-1115 avia_image ' src=\"https:\/\/concertsduprintemps.be\/wp-content\/uploads\/sites\/3\/2024\/02\/cid_64DA68B7-362F-4D14-9E24-5FAF09B1051B-300x262.jpg\" alt='' title='cid_64DA68B7-362F-4D14-9E24-5FAF09B1051B'  height=\"262\" width=\"300\"  itemprop=\"thumbnailUrl\" srcset=\"https:\/\/concertsduprintemps.be\/wp-content\/uploads\/sites\/3\/2024\/02\/cid_64DA68B7-362F-4D14-9E24-5FAF09B1051B-300x262.jpg 300w, https:\/\/concertsduprintemps.be\/wp-content\/uploads\/sites\/3\/2024\/02\/cid_64DA68B7-362F-4D14-9E24-5FAF09B1051B-1030x899.jpg 1030w, https:\/\/concertsduprintemps.be\/wp-content\/uploads\/sites\/3\/2024\/02\/cid_64DA68B7-362F-4D14-9E24-5FAF09B1051B-768x670.jpg 768w, https:\/\/concertsduprintemps.be\/wp-content\/uploads\/sites\/3\/2024\/02\/cid_64DA68B7-362F-4D14-9E24-5FAF09B1051B-1536x1340.jpg 1536w, https:\/\/concertsduprintemps.be\/wp-content\/uploads\/sites\/3\/2024\/02\/cid_64DA68B7-362F-4D14-9E24-5FAF09B1051B-2048x1787.jpg 2048w, https:\/\/concertsduprintemps.be\/wp-content\/uploads\/sites\/3\/2024\/02\/cid_64DA68B7-362F-4D14-9E24-5FAF09B1051B-1500x1309.jpg 1500w, https:\/\/concertsduprintemps.be\/wp-content\/uploads\/sites\/3\/2024\/02\/cid_64DA68B7-362F-4D14-9E24-5FAF09B1051B-705x615.jpg 705w\" sizes=\"(max-width: 300px) 100vw, 300px\" \/><\/div><\/div><\/div><br \/>\n<div  class='avia-buttonrow-wrap av-lsn8u0jc-e57dcad272dd797858bea50acbcd8acb avia-buttonrow-center  avia-builder-el-6  el_after_av_image  avia-builder-el-last '>\n\n<style type=\"text\/css\" data-created_by=\"avia_inline_auto\" id=\"style-css-av-lsn8tyd7-116ed6a9e8bd9203c27261d1c1b85b55\">\n#top #wrap_all .avia-button.av-lsn8tyd7-116ed6a9e8bd9203c27261d1c1b85b55{\nmargin-bottom:5px;\nmargin-right:3px;\nmargin-left:3px;\n}\n<\/style>\n<a href='https:\/\/www.kheopsensemble.com\/fr\/decouvrir\/musiciens\/marie-hallynck'  class='avia-button av-lsn8tyd7-116ed6a9e8bd9203c27261d1c1b85b55 avia-icon_select-yes-left-icon avia-size-large avia-color-theme-color'  target=\"_blank\"  rel=\"noopener noreferrer\"  aria-label=\"Meer weten\"><span class='avia_button_icon avia_button_icon_left avia-svg-icon avia-font-svg_entypo-fontello' data-av_svg_icon='5' data-av_iconset='svg_entypo-fontello'><\/span><span class='avia_iconbox_title' >Meer weten<\/span><\/a>\n<\/div><\/p><\/div>\n","protected":false},"excerpt":{"rendered":"","protected":false},"author":6,"featured_media":1115,"comment_status":"open","ping_status":"closed","template":"","meta":{"footnotes":""},"tags":[],"portfolio_entries":[51],"class_list":["post-1910","portfolio","type-portfolio","status-publish","has-post-thumbnail","hentry","portfolio_entries-artiesten-en-uitvoerders"],"_links":{"self":[{"href":"https:\/\/concertsduprintemps.be\/nl\/wp-json\/wp\/v2\/portfolio\/1910","targetHints":{"allow":["GET"]}}],"collection":[{"href":"https:\/\/concertsduprintemps.be\/nl\/wp-json\/wp\/v2\/portfolio"}],"about":[{"href":"https:\/\/concertsduprintemps.be\/nl\/wp-json\/wp\/v2\/types\/portfolio"}],"author":[{"embeddable":true,"href":"https:\/\/concertsduprintemps.be\/nl\/wp-json\/wp\/v2\/users\/6"}],"replies":[{"embeddable":true,"href":"https:\/\/concertsduprintemps.be\/nl\/wp-json\/wp\/v2\/comments?post=1910"}],"version-history":[{"count":5,"href":"https:\/\/concertsduprintemps.be\/nl\/wp-json\/wp\/v2\/portfolio\/1910\/revisions"}],"predecessor-version":[{"id":1993,"href":"https:\/\/concertsduprintemps.be\/nl\/wp-json\/wp\/v2\/portfolio\/1910\/revisions\/1993"}],"wp:featuredmedia":[{"embeddable":true,"href":"https:\/\/concertsduprintemps.be\/nl\/wp-json\/wp\/v2\/media\/1115"}],"wp:attachment":[{"href":"https:\/\/concertsduprintemps.be\/nl\/wp-json\/wp\/v2\/media?parent=1910"}],"wp:term":[{"taxonomy":"post_tag","embeddable":true,"href":"https:\/\/concertsduprintemps.be\/nl\/wp-json\/wp\/v2\/tags?post=1910"},{"taxonomy":"portfolio_entries","embeddable":true,"href":"https:\/\/concertsduprintemps.be\/nl\/wp-json\/wp\/v2\/portfolio_entries?post=1910"}],"curies":[{"name":"wp","href":"https:\/\/api.w.org\/{rel}","templated":true}]}}

<style type="text/css" data-created_by="avia_inline_auto" id="style-css-av-lsn8paw7-ab91516da55e70e1af1689777b6aecdb">
#top .av-special-heading.av-lsn8paw7-ab91516da55e70e1af1689777b6aecdb{
padding-bottom:10px;
}
body .av-special-heading.av-lsn8paw7-ab91516da55e70e1af1689777b6aecdb .av-special-heading-tag .heading-char{
font-size:25px;
}
.av-special-heading.av-lsn8paw7-ab91516da55e70e1af1689777b6aecdb .av-subheading{
font-size:15px;
}
</style>
<div  class='av-special-heading av-lsn8paw7-ab91516da55e70e1af1689777b6aecdb av-special-heading-h1 blockquote classic-quote classic-quote-left  avia-builder-el-0  el_before_av_hr  avia-builder-el-first '><h1 class='av-special-heading-tag '  itemprop="headline"  >Marie HALLYNCK</h1><div class='av-subheading av-subheading_below'><p>Celliste</p>
</div><div class="special-heading-border"><div class="special-heading-inner-border"></div></div></div>

<style type="text/css" data-created_by="avia_inline_auto" id="style-css-av-6k5to9-f20406c5497d81b6b44d2411bce09391">
#top .hr.hr-invisible.av-6k5to9-f20406c5497d81b6b44d2411bce09391{
height:50px;
}
</style>
<div  class='hr av-6k5to9-f20406c5497d81b6b44d2411bce09391 hr-invisible  avia-builder-el-1  el_after_av_heading  el_before_av_one_half '><span class='hr-inner '><span class="hr-inner-style"></span></span></div>
<div  class='flex_column av-49552x-e9f193744adc8fe675f6a16feca987df av_one_half  avia-builder-el-2  el_after_av_hr  el_before_av_one_half  first flex_column_div  '     ><section  class='av_textblock_section av-lsn8t1h0-3d1eb2294c4e24a67fd703664a84f04b '   itemscope="itemscope" itemtype="https://schema.org/CreativeWork" ><div class='avia_textblock'  itemprop="text" ><div id="tab1-1" class="tab-pane fade in active text-justify">
<p>Als gevestigd soliste, kamermusicus en gepassioneerd docente is Marie Hallynck een van de meest vooraanstaande cellisten van haar generatie. Ze heeft opgetreden in prestigieuze zalen als het Concertgebouw in Amsterdam, de Musikverein in Wenen, de Wigmore Hall in Londen, de Symphony Hall in Birmingham, het Palais des Beaux-Arts in Brussel, het Théâtre de la Ville en de Cité de la Musique in Parijs, de Philharmonie in Keulen en Berlijn, om er maar een paar te noemen. Ze trad op als soliste met het Filharmonisch Orkest van Sint-Petersburg, het Orchestre National de Belgique, het Rotterdams Philharmonisch Orkest, het Amsterdams Concertgebouw Kamerorkest, het Orchestre National de Lille, het Hong Kong Chinese Philharmonic Orchestra en naast pianisten Cédric Tiberghien, Jean-Claude Vanden Eynden en Muhiddin Dürrüoglu. In 2006 richtte ze samen met Dürrüoglu, klarinettist Ronald Van Spaendonck en harpiste Sophie Hallynck het Kheops Ensemble op, een kamermuziekensemble met variabele samenstelling dat bestaat uit een tiental internationaal gerenommeerde musici. Hun discografie reikt van Beethoven tot hedendaagse componisten, zoals blijkt uit het album Fugitives gewijd aan het werk van de pianist-componist van het ensemble (Cyprès 2019). Opgeleid door Félicien Doyen, Reine Flachot, Edmond Baert, Janos Starker en Natalia Gutman, heeft Marie Hallynck zich onderscheiden in een aantal competities en verschillende prijzen ontvangen, waaronder een prijs op het beroemde Eurovisie klassieke muziek toernooi en de Tromp competitie (Eindhoven), erediploma&#8217;s van het Mozarteum in Salzburg en de Accademia Chigiana in Siena, en de prijs van de Belgische Stichting Roeping. Ze is ook laureaat van de Juventus Association en de Emile Bernheim Foundation. Ze werd ook verkozen tot &#8220;Rising Star&#8221; door de Association of European Concert Halls (2001) en &#8220;Soliste van het Jaar&#8221; door de Union of Belgian Music Press (2002). Haar talrijke opnames voor Harmonia Mundi, Fuga libera, Cyprès, Alpha, Naxos, Ricercar, Musique en Wallonie en Warner Classics hebben haar de hoogste onderscheidingen van de vakpers opgeleverd. Als liefhebber van hedendaagse muziek bracht ze concerti in première van Peter Swinnen, Dirk Brossé (opgenomen met het London Symphony Orchestra) en Jean-Paul Dessy. Deze laatste zal binnenkort worden opgenomen. Naast haar concertactiviteiten geeft Marie Hallynck sinds haar 19e les aan het Koninklijk Conservatorium van Brussel. Ze werd ook uitgenodigd om in de jury te zetelen van prestigieuze internationale wedstrijden (ARD Münich, Koningin Elisabethwedstrijd). Ze speelt op een prachtig Italiaans instrument van de bouwer Chiocchi (eind 19e eeuw).</p>
</div>
</div></section></div>
<div  class='flex_column av-28tty1-1b2cceba2c3c9f716c584dca8c1e6910 av_one_half  avia-builder-el-4  el_after_av_one_half  avia-builder-el-last  flex_column_div  '     ><p>
<style type="text/css" data-created_by="avia_inline_auto" id="style-css-av-lsn8wnpt-8b82c13ce92f3539c3baf237c5b080e4">
.avia-image-container.av-lsn8wnpt-8b82c13ce92f3539c3baf237c5b080e4 img.avia_image{
box-shadow:none;
}
.avia-image-container.av-lsn8wnpt-8b82c13ce92f3539c3baf237c5b080e4 .av-image-caption-overlay-center{
color:#ffffff;
}
</style>
<div  class='avia-image-container av-lsn8wnpt-8b82c13ce92f3539c3baf237c5b080e4 av-styling- avia-align-center  avia-builder-el-5  el_before_av_buttonrow  avia-builder-el-first '   itemprop="image" itemscope="itemscope" itemtype="https://schema.org/ImageObject" ><div class="avia-image-container-inner"><div class="avia-image-overlay-wrap"><img decoding="async" fetchpriority="high" class='wp-image-1115 avia-img-lazy-loading-not-1115 avia_image ' src="https://concertsduprintemps.be/wp-content/uploads/sites/3/2024/02/cid_64DA68B7-362F-4D14-9E24-5FAF09B1051B-300x262.jpg" alt='' title='cid_64DA68B7-362F-4D14-9E24-5FAF09B1051B'  height="262" width="300"  itemprop="thumbnailUrl" srcset="https://concertsduprintemps.be/wp-content/uploads/sites/3/2024/02/cid_64DA68B7-362F-4D14-9E24-5FAF09B1051B-300x262.jpg 300w, https://concertsduprintemps.be/wp-content/uploads/sites/3/2024/02/cid_64DA68B7-362F-4D14-9E24-5FAF09B1051B-1030x899.jpg 1030w, https://concertsduprintemps.be/wp-content/uploads/sites/3/2024/02/cid_64DA68B7-362F-4D14-9E24-5FAF09B1051B-768x670.jpg 768w, https://concertsduprintemps.be/wp-content/uploads/sites/3/2024/02/cid_64DA68B7-362F-4D14-9E24-5FAF09B1051B-1536x1340.jpg 1536w, https://concertsduprintemps.be/wp-content/uploads/sites/3/2024/02/cid_64DA68B7-362F-4D14-9E24-5FAF09B1051B-2048x1787.jpg 2048w, https://concertsduprintemps.be/wp-content/uploads/sites/3/2024/02/cid_64DA68B7-362F-4D14-9E24-5FAF09B1051B-1500x1309.jpg 1500w, https://concertsduprintemps.be/wp-content/uploads/sites/3/2024/02/cid_64DA68B7-362F-4D14-9E24-5FAF09B1051B-705x615.jpg 705w" sizes="(max-width: 300px) 100vw, 300px" /></div></div></div><br />
<div  class='avia-buttonrow-wrap av-lsn8u0jc-e57dcad272dd797858bea50acbcd8acb avia-buttonrow-center  avia-builder-el-6  el_after_av_image  avia-builder-el-last '>

<style type="text/css" data-created_by="avia_inline_auto" id="style-css-av-lsn8tyd7-116ed6a9e8bd9203c27261d1c1b85b55">
#top #wrap_all .avia-button.av-lsn8tyd7-116ed6a9e8bd9203c27261d1c1b85b55{
margin-bottom:5px;
margin-right:3px;
margin-left:3px;
}
</style>
<a href='https://www.kheopsensemble.com/fr/decouvrir/musiciens/marie-hallynck'  class='avia-button av-lsn8tyd7-116ed6a9e8bd9203c27261d1c1b85b55 avia-icon_select-yes-left-icon avia-size-large avia-color-theme-color'  target="_blank"  rel="noopener noreferrer"  aria-label="Meer weten"><span class='avia_button_icon avia_button_icon_left avia-svg-icon avia-font-svg_entypo-fontello' data-av_svg_icon='5' data-av_iconset='svg_entypo-fontello'></span><span class='avia_iconbox_title' >Meer weten</span></a>
</div></p></div>
