{"id":2621,"date":"2025-01-28T21:18:32","date_gmt":"2025-01-28T20:18:32","guid":{"rendered":"https:\/\/concertsduprintemps.be\/artistes\/ashot-khachatourian\/"},"modified":"2025-02-21T21:56:58","modified_gmt":"2025-02-21T20:56:58","slug":"ashot-khachatourian","status":"publish","type":"portfolio","link":"https:\/\/concertsduprintemps.be\/nl\/artistes\/ashot-khachatourian\/","title":{"rendered":"Ashot Khachatourian"},"content":{"rendered":"\n<style type=\"text\/css\" data-created_by=\"avia_inline_auto\" id=\"style-css-av-m6gx3wbr-e1112c4886a24f6105a2bc636aad9bfb\">\n#top .av-special-heading.av-m6gx3wbr-e1112c4886a24f6105a2bc636aad9bfb{\npadding-bottom:10px;\n}\nbody .av-special-heading.av-m6gx3wbr-e1112c4886a24f6105a2bc636aad9bfb .av-special-heading-tag .heading-char{\nfont-size:25px;\n}\n.av-special-heading.av-m6gx3wbr-e1112c4886a24f6105a2bc636aad9bfb .av-subheading{\nfont-size:15px;\n}\n<\/style>\n<div  class='av-special-heading av-m6gx3wbr-e1112c4886a24f6105a2bc636aad9bfb av-special-heading-h1 blockquote classic-quote classic-quote-left  avia-builder-el-0  el_before_av_hr  avia-builder-el-first '><h1 class='av-special-heading-tag '  itemprop=\"headline\"  >Ashot KHACHATOURIAN<\/h1><div class='av-subheading av-subheading_below'><p>Pianist<\/p>\n<\/div><div class=\"special-heading-border\"><div class=\"special-heading-inner-border\"><\/div><\/div><\/div>\n\n<style type=\"text\/css\" data-created_by=\"avia_inline_auto\" id=\"style-css-av-98ncvx-3d6d5f8ae2a18d8c960d1a6e356f73b8\">\n#top .hr.hr-invisible.av-98ncvx-3d6d5f8ae2a18d8c960d1a6e356f73b8{\nheight:50px;\n}\n<\/style>\n<div  class='hr av-98ncvx-3d6d5f8ae2a18d8c960d1a6e356f73b8 hr-invisible  avia-builder-el-1  el_after_av_heading  el_before_av_one_half '><span class='hr-inner '><span class=\"hr-inner-style\"><\/span><\/span><\/div>\n<div  class='flex_column av-r69tp-cdd5c9f827e761d372a05f7530611fc6 av_one_half  avia-builder-el-2  el_after_av_hr  el_before_av_one_half  first flex_column_div  '     ><section  class='av_textblock_section av-m6gx62hm-1841a8f98cac3dc596b0bc5dcbd9b2eb '   itemscope=\"itemscope\" itemtype=\"https:\/\/schema.org\/CreativeWork\" ><div class='avia_textblock'  itemprop=\"text\" ><div id=\"tab1-1\" class=\"tab-pane fade in active text-justify\">\n<div class=\"\"><span class=\"\" data-olk-copy-source=\"MessageBody\">Hoe kan men hem beschrijven? <\/span><\/div>\n<div class=\"\"><span class=\"\">&#8220;Een kracht, een waarheid, een energie, een passie, een talent zonder grenzen, een echte muzikant.&#8221;<\/span><\/div>\n<div class=\"\"><span class=\"\"> Maria Jo\u00e3o Pires<\/span><\/div>\n<p class=\"\">\n<div class=\"\"><span class=\"\">Ashot Khachatourian wordt beschouwd als een van de meest inspirerende kunstenaars van zijn generatie.<\/span><\/div>\n<div><\/div>\n<div class=\"\"><span class=\"\">Gedreven door een overweldigende passie voor muziek, heeft Ashot Khachatourian, pianist, een naam opgebouwd die eer doet aan de grootste Armeense componist. Hij begon op vijfjarige leeftijd met pianospelen bij Valentina Melikyan en Galustova Elena aan het Charles Aznavour Studiecentrum in zijn geboorteland. Zijn opleiding zette hij voort in Bazel, onder leiding van Gerard Wyss, en later in Fiesole (Itali\u00eb) bij Elisso Virssaladze. Daarnaast studeerde hij aan de Chapelle Musicale Reine Elisabeth in Belgi\u00eb, waar hij werd begeleid door de wereldberoemde pianiste Maria Jo\u00e3o Pires. <\/span><\/div>\n<div class=\"\"><span class=\"\">Hij is de oprichter en artistiek directeur van de Ysaye International Music Competition.<\/span><\/div>\n<div><\/div>\n<div class=\"\"><span class=\"\">Als laureaat van vele internationale wedstrijden, werd Ashot Khachatourian vooral geprezen voor zijn vertolkingen van Rachmaninovs pianoconcerti nr. 2 en 3. Het is dan ook geen verrassing dat hij de 1e Prijs won op de Rachmaninoff Piano Competition in 2006, evenals de 1e Prijs op de Martha Argerich Piano Competition in 2007, de Top of the World International Piano Competition in 2011, de Concours d\u2019\u00c9pinal in 2013, en de Studiebeurs van het Pour-cent Culturel Migros in Zwitserland. <\/span><\/div>\n<div><\/div>\n<div class=\"\"><span class=\"\">Deze jonge virtuoos werd uitgenodigd om op te treden met prestigieuze orkesten zoals het London Chamber Orchestra, het Orchestre Royal de Wallonie, het Noorse Radio Orkest, het Basel Symphony Orchestra, Le Concert Olympique, de Sinfonietta de Lausanne, het Lausanne Kamerorkest en het Orkest van de 18e Eeuw. Hij speelde in heel Europa, Zwitserland, Belgi\u00eb, Duitsland en Noorwegen onder leiding van dirigenten als Rodolfo Fischer, Augustin Dumay, Daniele Gatti, Thomas S\u00f8nderg\u00e5rd en Christopher Warren-Green.<\/span><\/div>\n<div><\/div>\n<div class=\"\"><span class=\"\">Ashot Khachatourian trad op in enkele van de meest prestigieuze concertzalen ter wereld, waaronder Salle Pleyel, Salle Cortot, Salle Moli\u00e8re, het Louvre, Salle Gaveau, de St.-Petersburg Philharmonie, het Konzerthaus Berlin, Cadogan Hall, het Concertgebouw Amsterdam, Musis Sacrum Arnhem, Concertgebouw Brugge, De Singel Antwerpen, TivoliVredenburg Utrecht, Muziekgebouw Frits Philips Eindhoven, het Paleis voor Schone Kunsten in Brussel en het Palau de la M\u00fasica in Valencia. Als kamermusicus werkte hij samen met o.a. Mischa Maisky, Maxim Vengerov, Cho-Liang Lin, Ivan Monighetti, Liana Issakadze, Zakhar Bron, Augustin Dumay, Gary Hoffman, Toby Hoffman en G\u00e9rard Causs\u00e9.<\/span><\/div>\n<p class=\"\"><span class=\"\">Momenteel verdeelt hij zijn tijd tussen concerten en opnames. Zijn eerste album, gewijd aan Haydn en Beethoven, verscheen in december 2013. Zijn tweede album, gewijd aan Chopin, kwam uit in februari 2019.<\/span><\/p>\n<div class=\"\"><span class=\"\">Regelmatig deelt hij het podium met Maria Jo\u00e3o Pires, waarmee hij opnieuw bewijst dat hij niet alleen een uitzonderlijk talent bezit, maar ook een pure muzikale ziel.<\/span><\/div>\n<\/div>\n<\/div><\/section><\/div>\n<div  class='flex_column av-mig5p-149a528556f46e48cbdb2f5ae2288bf1 av_one_half  avia-builder-el-4  el_after_av_one_half  avia-builder-el-last  flex_column_div  '     ><p>\n<style type=\"text\/css\" data-created_by=\"avia_inline_auto\" id=\"style-css-av-m6gx6bve-957fcfb6512b9b12f3c46cfc0b0842fe\">\n.avia-image-container.av-m6gx6bve-957fcfb6512b9b12f3c46cfc0b0842fe img.avia_image{\nbox-shadow:none;\n}\n.avia-image-container.av-m6gx6bve-957fcfb6512b9b12f3c46cfc0b0842fe .av-image-caption-overlay-center{\ncolor:#ffffff;\n}\n<\/style>\n<div  class='avia-image-container av-m6gx6bve-957fcfb6512b9b12f3c46cfc0b0842fe av-styling- avia-align-center  avia-builder-el-5  el_before_av_buttonrow  avia-builder-el-first '   itemprop=\"image\" itemscope=\"itemscope\" itemtype=\"https:\/\/schema.org\/ImageObject\" ><div class=\"avia-image-container-inner\"><div class=\"avia-image-overlay-wrap\"><img decoding=\"async\" fetchpriority=\"high\" class='wp-image-2283 avia-img-lazy-loading-not-2283 avia_image ' src=\"https:\/\/concertsduprintemps.be\/wp-content\/uploads\/sites\/3\/2025\/01\/Khachatourian-solo-200x300.png\" alt='' title='Khachatourian solo'  height=\"300\" width=\"200\"  itemprop=\"thumbnailUrl\" srcset=\"https:\/\/concertsduprintemps.be\/wp-content\/uploads\/sites\/3\/2025\/01\/Khachatourian-solo-200x300.png 200w, https:\/\/concertsduprintemps.be\/wp-content\/uploads\/sites\/3\/2025\/01\/Khachatourian-solo-687x1030.png 687w, https:\/\/concertsduprintemps.be\/wp-content\/uploads\/sites\/3\/2025\/01\/Khachatourian-solo-768x1152.png 768w, https:\/\/concertsduprintemps.be\/wp-content\/uploads\/sites\/3\/2025\/01\/Khachatourian-solo-1024x1536.png 1024w, https:\/\/concertsduprintemps.be\/wp-content\/uploads\/sites\/3\/2025\/01\/Khachatourian-solo-1365x2048.png 1365w, https:\/\/concertsduprintemps.be\/wp-content\/uploads\/sites\/3\/2025\/01\/Khachatourian-solo-1000x1500.png 1000w, https:\/\/concertsduprintemps.be\/wp-content\/uploads\/sites\/3\/2025\/01\/Khachatourian-solo-470x705.png 470w, https:\/\/concertsduprintemps.be\/wp-content\/uploads\/sites\/3\/2025\/01\/Khachatourian-solo.png 1920w\" sizes=\"(max-width: 200px) 100vw, 200px\" \/><\/div><\/div><\/div><br \/>\n<div  class='avia-buttonrow-wrap av-4dx29p-8e21d732762727e9fd3468114973f9f2 avia-buttonrow-center  avia-builder-el-6  el_after_av_image  avia-builder-el-last '>\n\n<style type=\"text\/css\" data-created_by=\"avia_inline_auto\" id=\"style-css-av-37nabh-a4ef8729ac58c1af0f2fc0dc2ab2555e\">\n#top #wrap_all .avia-button.av-37nabh-a4ef8729ac58c1af0f2fc0dc2ab2555e{\nmargin-bottom:5px;\nmargin-right:3px;\nmargin-left:3px;\n}\n<\/style>\n<a href='https:\/\/www.ashotkhachatourian.com\/'  class='avia-button av-37nabh-a4ef8729ac58c1af0f2fc0dc2ab2555e avia-icon_select-yes-left-icon avia-size-large avia-color-theme-color'  target=\"_blank\"  rel=\"noopener noreferrer\"  aria-label=\"Meer weten\"><span class='avia_button_icon avia_button_icon_left avia-svg-icon avia-font-svg_entypo-fontello' data-av_svg_icon='5' data-av_iconset='svg_entypo-fontello'><\/span><span class='avia_iconbox_title' >Meer weten<\/span><\/a>\n<\/div><\/p><\/div>\n","protected":false},"excerpt":{"rendered":"","protected":false},"author":6,"featured_media":2283,"comment_status":"closed","ping_status":"closed","template":"","meta":{"footnotes":""},"tags":[],"portfolio_entries":[51],"class_list":["post-2621","portfolio","type-portfolio","status-publish","has-post-thumbnail","hentry","portfolio_entries-artiesten-en-uitvoerders"],"_links":{"self":[{"href":"https:\/\/concertsduprintemps.be\/nl\/wp-json\/wp\/v2\/portfolio\/2621","targetHints":{"allow":["GET"]}}],"collection":[{"href":"https:\/\/concertsduprintemps.be\/nl\/wp-json\/wp\/v2\/portfolio"}],"about":[{"href":"https:\/\/concertsduprintemps.be\/nl\/wp-json\/wp\/v2\/types\/portfolio"}],"author":[{"embeddable":true,"href":"https:\/\/concertsduprintemps.be\/nl\/wp-json\/wp\/v2\/users\/6"}],"replies":[{"embeddable":true,"href":"https:\/\/concertsduprintemps.be\/nl\/wp-json\/wp\/v2\/comments?post=2621"}],"version-history":[{"count":12,"href":"https:\/\/concertsduprintemps.be\/nl\/wp-json\/wp\/v2\/portfolio\/2621\/revisions"}],"predecessor-version":[{"id":2819,"href":"https:\/\/concertsduprintemps.be\/nl\/wp-json\/wp\/v2\/portfolio\/2621\/revisions\/2819"}],"wp:featuredmedia":[{"embeddable":true,"href":"https:\/\/concertsduprintemps.be\/nl\/wp-json\/wp\/v2\/media\/2283"}],"wp:attachment":[{"href":"https:\/\/concertsduprintemps.be\/nl\/wp-json\/wp\/v2\/media?parent=2621"}],"wp:term":[{"taxonomy":"post_tag","embeddable":true,"href":"https:\/\/concertsduprintemps.be\/nl\/wp-json\/wp\/v2\/tags?post=2621"},{"taxonomy":"portfolio_entries","embeddable":true,"href":"https:\/\/concertsduprintemps.be\/nl\/wp-json\/wp\/v2\/portfolio_entries?post=2621"}],"curies":[{"name":"wp","href":"https:\/\/api.w.org\/{rel}","templated":true}]}}

<style type="text/css" data-created_by="avia_inline_auto" id="style-css-av-m6gx3wbr-e1112c4886a24f6105a2bc636aad9bfb">
#top .av-special-heading.av-m6gx3wbr-e1112c4886a24f6105a2bc636aad9bfb{
padding-bottom:10px;
}
body .av-special-heading.av-m6gx3wbr-e1112c4886a24f6105a2bc636aad9bfb .av-special-heading-tag .heading-char{
font-size:25px;
}
.av-special-heading.av-m6gx3wbr-e1112c4886a24f6105a2bc636aad9bfb .av-subheading{
font-size:15px;
}
</style>
<div  class='av-special-heading av-m6gx3wbr-e1112c4886a24f6105a2bc636aad9bfb av-special-heading-h1 blockquote classic-quote classic-quote-left  avia-builder-el-0  el_before_av_hr  avia-builder-el-first '><h1 class='av-special-heading-tag '  itemprop="headline"  >Ashot KHACHATOURIAN</h1><div class='av-subheading av-subheading_below'><p>Pianist</p>
</div><div class="special-heading-border"><div class="special-heading-inner-border"></div></div></div>

<style type="text/css" data-created_by="avia_inline_auto" id="style-css-av-98ncvx-3d6d5f8ae2a18d8c960d1a6e356f73b8">
#top .hr.hr-invisible.av-98ncvx-3d6d5f8ae2a18d8c960d1a6e356f73b8{
height:50px;
}
</style>
<div  class='hr av-98ncvx-3d6d5f8ae2a18d8c960d1a6e356f73b8 hr-invisible  avia-builder-el-1  el_after_av_heading  el_before_av_one_half '><span class='hr-inner '><span class="hr-inner-style"></span></span></div>
<div  class='flex_column av-r69tp-cdd5c9f827e761d372a05f7530611fc6 av_one_half  avia-builder-el-2  el_after_av_hr  el_before_av_one_half  first flex_column_div  '     ><section  class='av_textblock_section av-m6gx62hm-1841a8f98cac3dc596b0bc5dcbd9b2eb '   itemscope="itemscope" itemtype="https://schema.org/CreativeWork" ><div class='avia_textblock'  itemprop="text" ><div id="tab1-1" class="tab-pane fade in active text-justify">
<div class=""><span class="" data-olk-copy-source="MessageBody">Hoe kan men hem beschrijven? </span></div>
<div class=""><span class="">&#8220;Een kracht, een waarheid, een energie, een passie, een talent zonder grenzen, een echte muzikant.&#8221;</span></div>
<div class=""><span class=""> Maria João Pires</span></div>
<p class="">
<div class=""><span class="">Ashot Khachatourian wordt beschouwd als een van de meest inspirerende kunstenaars van zijn generatie.</span></div>
<div></div>
<div class=""><span class="">Gedreven door een overweldigende passie voor muziek, heeft Ashot Khachatourian, pianist, een naam opgebouwd die eer doet aan de grootste Armeense componist. Hij begon op vijfjarige leeftijd met pianospelen bij Valentina Melikyan en Galustova Elena aan het Charles Aznavour Studiecentrum in zijn geboorteland. Zijn opleiding zette hij voort in Bazel, onder leiding van Gerard Wyss, en later in Fiesole (Italië) bij Elisso Virssaladze. Daarnaast studeerde hij aan de Chapelle Musicale Reine Elisabeth in België, waar hij werd begeleid door de wereldberoemde pianiste Maria João Pires. </span></div>
<div class=""><span class="">Hij is de oprichter en artistiek directeur van de Ysaye International Music Competition.</span></div>
<div></div>
<div class=""><span class="">Als laureaat van vele internationale wedstrijden, werd Ashot Khachatourian vooral geprezen voor zijn vertolkingen van Rachmaninovs pianoconcerti nr. 2 en 3. Het is dan ook geen verrassing dat hij de 1e Prijs won op de Rachmaninoff Piano Competition in 2006, evenals de 1e Prijs op de Martha Argerich Piano Competition in 2007, de Top of the World International Piano Competition in 2011, de Concours d’Épinal in 2013, en de Studiebeurs van het Pour-cent Culturel Migros in Zwitserland. </span></div>
<div></div>
<div class=""><span class="">Deze jonge virtuoos werd uitgenodigd om op te treden met prestigieuze orkesten zoals het London Chamber Orchestra, het Orchestre Royal de Wallonie, het Noorse Radio Orkest, het Basel Symphony Orchestra, Le Concert Olympique, de Sinfonietta de Lausanne, het Lausanne Kamerorkest en het Orkest van de 18e Eeuw. Hij speelde in heel Europa, Zwitserland, België, Duitsland en Noorwegen onder leiding van dirigenten als Rodolfo Fischer, Augustin Dumay, Daniele Gatti, Thomas Søndergård en Christopher Warren-Green.</span></div>
<div></div>
<div class=""><span class="">Ashot Khachatourian trad op in enkele van de meest prestigieuze concertzalen ter wereld, waaronder Salle Pleyel, Salle Cortot, Salle Molière, het Louvre, Salle Gaveau, de St.-Petersburg Philharmonie, het Konzerthaus Berlin, Cadogan Hall, het Concertgebouw Amsterdam, Musis Sacrum Arnhem, Concertgebouw Brugge, De Singel Antwerpen, TivoliVredenburg Utrecht, Muziekgebouw Frits Philips Eindhoven, het Paleis voor Schone Kunsten in Brussel en het Palau de la Música in Valencia. Als kamermusicus werkte hij samen met o.a. Mischa Maisky, Maxim Vengerov, Cho-Liang Lin, Ivan Monighetti, Liana Issakadze, Zakhar Bron, Augustin Dumay, Gary Hoffman, Toby Hoffman en Gérard Caussé.</span></div>
<p class=""><span class="">Momenteel verdeelt hij zijn tijd tussen concerten en opnames. Zijn eerste album, gewijd aan Haydn en Beethoven, verscheen in december 2013. Zijn tweede album, gewijd aan Chopin, kwam uit in februari 2019.</span></p>
<div class=""><span class="">Regelmatig deelt hij het podium met Maria João Pires, waarmee hij opnieuw bewijst dat hij niet alleen een uitzonderlijk talent bezit, maar ook een pure muzikale ziel.</span></div>
</div>
</div></section></div>
<div  class='flex_column av-mig5p-149a528556f46e48cbdb2f5ae2288bf1 av_one_half  avia-builder-el-4  el_after_av_one_half  avia-builder-el-last  flex_column_div  '     ><p>
<style type="text/css" data-created_by="avia_inline_auto" id="style-css-av-m6gx6bve-957fcfb6512b9b12f3c46cfc0b0842fe">
.avia-image-container.av-m6gx6bve-957fcfb6512b9b12f3c46cfc0b0842fe img.avia_image{
box-shadow:none;
}
.avia-image-container.av-m6gx6bve-957fcfb6512b9b12f3c46cfc0b0842fe .av-image-caption-overlay-center{
color:#ffffff;
}
</style>
<div  class='avia-image-container av-m6gx6bve-957fcfb6512b9b12f3c46cfc0b0842fe av-styling- avia-align-center  avia-builder-el-5  el_before_av_buttonrow  avia-builder-el-first '   itemprop="image" itemscope="itemscope" itemtype="https://schema.org/ImageObject" ><div class="avia-image-container-inner"><div class="avia-image-overlay-wrap"><img decoding="async" fetchpriority="high" class='wp-image-2283 avia-img-lazy-loading-not-2283 avia_image ' src="https://concertsduprintemps.be/wp-content/uploads/sites/3/2025/01/Khachatourian-solo-200x300.png" alt='' title='Khachatourian solo'  height="300" width="200"  itemprop="thumbnailUrl" srcset="https://concertsduprintemps.be/wp-content/uploads/sites/3/2025/01/Khachatourian-solo-200x300.png 200w, https://concertsduprintemps.be/wp-content/uploads/sites/3/2025/01/Khachatourian-solo-687x1030.png 687w, https://concertsduprintemps.be/wp-content/uploads/sites/3/2025/01/Khachatourian-solo-768x1152.png 768w, https://concertsduprintemps.be/wp-content/uploads/sites/3/2025/01/Khachatourian-solo-1024x1536.png 1024w, https://concertsduprintemps.be/wp-content/uploads/sites/3/2025/01/Khachatourian-solo-1365x2048.png 1365w, https://concertsduprintemps.be/wp-content/uploads/sites/3/2025/01/Khachatourian-solo-1000x1500.png 1000w, https://concertsduprintemps.be/wp-content/uploads/sites/3/2025/01/Khachatourian-solo-470x705.png 470w, https://concertsduprintemps.be/wp-content/uploads/sites/3/2025/01/Khachatourian-solo.png 1920w" sizes="(max-width: 200px) 100vw, 200px" /></div></div></div><br />
<div  class='avia-buttonrow-wrap av-4dx29p-8e21d732762727e9fd3468114973f9f2 avia-buttonrow-center  avia-builder-el-6  el_after_av_image  avia-builder-el-last '>

<style type="text/css" data-created_by="avia_inline_auto" id="style-css-av-37nabh-a4ef8729ac58c1af0f2fc0dc2ab2555e">
#top #wrap_all .avia-button.av-37nabh-a4ef8729ac58c1af0f2fc0dc2ab2555e{
margin-bottom:5px;
margin-right:3px;
margin-left:3px;
}
</style>
<a href='https://www.ashotkhachatourian.com/'  class='avia-button av-37nabh-a4ef8729ac58c1af0f2fc0dc2ab2555e avia-icon_select-yes-left-icon avia-size-large avia-color-theme-color'  target="_blank"  rel="noopener noreferrer"  aria-label="Meer weten"><span class='avia_button_icon avia_button_icon_left avia-svg-icon avia-font-svg_entypo-fontello' data-av_svg_icon='5' data-av_iconset='svg_entypo-fontello'></span><span class='avia_iconbox_title' >Meer weten</span></a>
</div></p></div>
