{"id":2627,"date":"2025-01-28T21:06:58","date_gmt":"2025-01-28T20:06:58","guid":{"rendered":"https:\/\/concertsduprintemps.be\/artistes\/sebastien-parotte\/"},"modified":"2025-02-21T21:57:11","modified_gmt":"2025-02-21T20:57:11","slug":"sebastien-parotte","status":"publish","type":"portfolio","link":"https:\/\/concertsduprintemps.be\/nl\/artistes\/sebastien-parotte\/","title":{"rendered":"S\u00e9bastien Parotte"},"content":{"rendered":"\n<style type=\"text\/css\" data-created_by=\"avia_inline_auto\" id=\"style-css-av-m6gwi7vp-fdd0392ae6e7cea8dda413bb3a39c381\">\n#top .av-special-heading.av-m6gwi7vp-fdd0392ae6e7cea8dda413bb3a39c381{\npadding-bottom:10px;\n}\nbody .av-special-heading.av-m6gwi7vp-fdd0392ae6e7cea8dda413bb3a39c381 .av-special-heading-tag .heading-char{\nfont-size:25px;\n}\n.av-special-heading.av-m6gwi7vp-fdd0392ae6e7cea8dda413bb3a39c381 .av-subheading{\nfont-size:15px;\n}\n<\/style>\n<div  class='av-special-heading av-m6gwi7vp-fdd0392ae6e7cea8dda413bb3a39c381 av-special-heading-h1 blockquote classic-quote classic-quote-left  avia-builder-el-0  el_before_av_hr  avia-builder-el-first '><h1 class='av-special-heading-tag '  itemprop=\"headline\"  >S\u00e9bastien PAROTTE<\/h1><div class='av-subheading av-subheading_below'><p>Operazanger<\/p>\n<\/div><div class=\"special-heading-border\"><div class=\"special-heading-inner-border\"><\/div><\/div><\/div>\n\n<style type=\"text\/css\" data-created_by=\"avia_inline_auto\" id=\"style-css-av-84t12h-0ad6d187abfb58a0182f40d466421428\">\n#top .hr.hr-invisible.av-84t12h-0ad6d187abfb58a0182f40d466421428{\nheight:50px;\n}\n<\/style>\n<div  class='hr av-84t12h-0ad6d187abfb58a0182f40d466421428 hr-invisible  avia-builder-el-1  el_after_av_heading  el_before_av_one_half '><span class='hr-inner '><span class=\"hr-inner-style\"><\/span><\/span><\/div>\n<div  class='flex_column av-5fynt5-81b1f710e60183312fe4d8c152c1ffe4 av_one_half  avia-builder-el-2  el_after_av_hr  el_before_av_one_half  first flex_column_div  '     ><section  class='av_textblock_section av-m6gwnemh-f99bb745e1441021e6910e583f28f6c4 '   itemscope=\"itemscope\" itemtype=\"https:\/\/schema.org\/CreativeWork\" ><div class='avia_textblock'  itemprop=\"text\" ><div id=\"tab1-1\" class=\"tab-pane fade in active text-justify\">\n<div class=\"\"><span class=\"\" data-olk-copy-source=\"MessageBody\">Vanaf jonge leeftijd is muziek zijn taal, zijn therapie en zijn hele wereld. Als operazanger en contrabassist studeerde S\u00e9bastien Parotte onder de hoede van Jos\u00e9 Van Dam, Mya Besselink en Massimo Giorgi. In de afgelopen vijftien jaar heeft hij talrijke rollen vertolkt op de meest prestigieuze Europese podia. Elke uitvoering weerspiegelt zijn gulheid en diepe ambitie: opera en klassieke muziek voor iedereen toegankelijk maken.<\/span><\/div>\n<div class=\"\"><span class=\"\">Zijn passie voor zingen begon op jonge leeftijd, en hij werd door zowel de Op\u00e9ra Royal de Li\u00e8ge als De Munt geselecteerd om solorollen als kind te zingen.<\/span><\/div>\n<div class=\"\"><span class=\"\">Op 17-jarige leeftijd begon hij zijn zangstudies bij Mya Besselink en behaalde hij met uitmuntende prestaties een Master in zang aan de conservatoria van Maastricht en Luik. Tegelijkertijd studeerde hij contrabas bij Massimo Giorgi aan La Santa Cecilia in Rome, waar hij eveneens een Master behaalde.<\/span><\/div>\n<div class=\"\"><span class=\"\">S\u00e9bastien is laureaat van diverse internationale concoursen, waaronder de International Vocal Competition \u2019s-Hertogenbosch, en was een finalist in de Koningin Elisabethwedstrijd in 2011. Hij nam deel aan de Academies van Verbier en Aix-en-Provence.<\/span><\/div>\n<div class=\"\"><span class=\"\">Hij volgde masterclasses bij F. Pollet, T. Allen, J. Van Dam, B. Fassb\u00e4nder, T. Krause, S. Eken, J. Anderson, R. Alexander, H. Deutsch, E. Kontrubas en C. Desderi. Hij zong onder leiding van J.C. Casadesus, Warren-Green, L. Langr\u00e9e, J. Kreisberg, A. de Marchi, M. Tabachnik, L. Hussain, B. L\u00e9vy en M. Bosch.<\/span><\/div>\n<div class=\"\"><\/div>\n<div class=\"\"><span class=\"\">Zijn toneeldebuut maakte hij in 2005 als Baron Douphol (La Traviata) onder leiding van Jakov Kreizberg bij Jeunesses Musicales Deutschland, gevolgd door Sirocco (L&#8217;\u00c9toile) in 2007 bij Op\u00e9ra Studio de Strasbourg. In 2008 vertolkte hij rollen zoals Ajax (Orph\u00e9e aux Enfers), Troyen (Idomeneo), en Little England, evenals Beethovens 9e symfonie en Faur\u00e9\u2019s Requiem in de Chapelle Musicale Reine Elisabeth onder begeleiding van Jos\u00e9 Van Dam.<\/span><\/div>\n<div class=\"\"><\/div>\n<div class=\"\"><span class=\"\">Op het podium vertolkte hij rollen zoals Don Magnifico (La Cenerentola), Cr\u00e9billon (La Rondine), Masetto, Leporello en Don Giovanni (Don Giovanni), de Boom en de Fauteuil (L&#8217;Enfant et les Sortil\u00e8ges), Inigo (L&#8217;Heure Espagnole), Graaf en Antonio (Le Nozze di Figaro), Cith\u00e9ron en Momus (Plat\u00e9e), Montano (Otello), Scarpia en Angelotti (Tosca), de Hogepriester (Nabucco), Thor\u00e9 en Maurevert (Les Huguenots), Ping (Turandot), Steuermann (Tristan und Isolde), Baron Douphol, de Markies en de Dokter (La Traviata), Mars (Orph\u00e9e aux Enfers), in Belgi\u00eb, Itali\u00eb, Duitsland, Oostenrijk, Frankrijk, Zwitserland, Servi\u00eb en Montenegro.<\/span><\/div>\n<div><\/div>\n<div class=\"\"><span class=\"\">Overal in Europa ontdekt S\u00e9bastien nieuwe visies op kunst en cultuur, een diversiteit die hem fascineert. Hij blijft zich voortdurend ontwikkelen, werkend aan zowel zijn stem als contrabas. Liefde is zijn drijfveer. Liefde voor muziek, publiek, vakmanschap en familie. Net zoals Don Quichot in elke herberg een kasteel ziet, ziet S\u00e9bastien sterren in elke zaal. Zoals Don Quichot in de minste herberg een betoverd kasteel ziet, ziet S\u00e9bastien sterren in elke zaal, van kleine theaters tot grote huizen. Overal waar hij komt, houdt hij ervan om in de coulissen te wandelen, te praten met de technici, de elektriciens, de timmermannen, al deze beroepen die de tandwielen van de opera aandrijven.<\/span><\/div>\n<div class=\"\"><span class=\"\">Even gepassioneerd op het podium als in het dagelijks leven, zingt hij altijd met dezelfde vrijgevigheid.<\/span><\/div>\n<div class=\"\"><span class=\"\">In elk geval vindt de emotie haar weg, geleid door de diepe stem van deze zanger met een groot hart.<\/span><\/div>\n<\/div>\n<\/div><\/section><\/div>\n<div  class='flex_column av-4ri6a1-0832d27eaa42322e131b6da654494d80 av_one_half  avia-builder-el-4  el_after_av_one_half  el_before_av_hr  flex_column_div  '     ><p>\n<style type=\"text\/css\" data-created_by=\"avia_inline_auto\" id=\"style-css-av-m6gwjnak-f747b241e6c523b875c49e86011fd5f1\">\n.avia-image-container.av-m6gwjnak-f747b241e6c523b875c49e86011fd5f1 img.avia_image{\nbox-shadow:none;\n}\n.avia-image-container.av-m6gwjnak-f747b241e6c523b875c49e86011fd5f1 .av-image-caption-overlay-center{\ncolor:#ffffff;\n}\n<\/style>\n<div  class='avia-image-container av-m6gwjnak-f747b241e6c523b875c49e86011fd5f1 av-styling- avia-align-center  avia-builder-el-5  el_before_av_buttonrow  avia-builder-el-first '   itemprop=\"image\" itemscope=\"itemscope\" itemtype=\"https:\/\/schema.org\/ImageObject\" ><div class=\"avia-image-container-inner\"><div class=\"avia-image-overlay-wrap\"><img decoding=\"async\" fetchpriority=\"high\" class='wp-image-2287 avia-img-lazy-loading-not-2287 avia_image ' src=\"https:\/\/concertsduprintemps.be\/wp-content\/uploads\/sites\/3\/2025\/01\/Parotte-solo-241x300.jpg\" alt='' title='Parotte solo'  height=\"300\" width=\"241\"  itemprop=\"thumbnailUrl\" srcset=\"https:\/\/concertsduprintemps.be\/wp-content\/uploads\/sites\/3\/2025\/01\/Parotte-solo-241x300.jpg 241w, https:\/\/concertsduprintemps.be\/wp-content\/uploads\/sites\/3\/2025\/01\/Parotte-solo-768x957.jpg 768w, https:\/\/concertsduprintemps.be\/wp-content\/uploads\/sites\/3\/2025\/01\/Parotte-solo-566x705.jpg 566w, https:\/\/concertsduprintemps.be\/wp-content\/uploads\/sites\/3\/2025\/01\/Parotte-solo.jpg 822w\" sizes=\"(max-width: 241px) 100vw, 241px\" \/><\/div><\/div><\/div><br \/>\n<div  class='avia-buttonrow-wrap av-m6gwk8ty-602b702d5bd6a161f66288128f1d5a95 avia-buttonrow-center  avia-builder-el-6  el_after_av_image  avia-builder-el-last '>\n\n<style type=\"text\/css\" data-created_by=\"avia_inline_auto\" id=\"style-css-av-m6gwlma0-3278f17b1c28f1800d91eb363ee18690\">\n#top #wrap_all .avia-button.av-m6gwlma0-3278f17b1c28f1800d91eb363ee18690{\nmargin-bottom:5px;\nmargin-right:3px;\nmargin-left:3px;\n}\n<\/style>\n<a href='https:\/\/www.christianemarieriedl.com\/about-4'  class='avia-button av-m6gwlma0-3278f17b1c28f1800d91eb363ee18690 avia-icon_select-yes-left-icon avia-size-large avia-color-theme-color'  target=\"_blank\"  rel=\"noopener noreferrer\"  aria-label=\"Meer weten\"><span class='avia_button_icon avia_button_icon_left avia-svg-icon avia-font-svg_entypo-fontello' data-av_svg_icon='5' data-av_iconset='svg_entypo-fontello'><\/span><span class='avia_iconbox_title' >Meer weten<\/span><\/a>\n<\/div><\/p><\/div>\n<style type=\"text\/css\" data-created_by=\"avia_inline_auto\" id=\"style-css-av-22qt1l-7eb9829bc02e0f8bf5b2cb1ac8c86ce9\">\n#top .hr.hr-invisible.av-22qt1l-7eb9829bc02e0f8bf5b2cb1ac8c86ce9{\nheight:50px;\n}\n<\/style>\n<div  class='hr av-22qt1l-7eb9829bc02e0f8bf5b2cb1ac8c86ce9 hr-invisible  avia-builder-el-7  el_after_av_one_half  avia-builder-el-last '><span class='hr-inner '><span class=\"hr-inner-style\"><\/span><\/span><\/div><\/p>\n","protected":false},"excerpt":{"rendered":"","protected":false},"author":6,"featured_media":2287,"comment_status":"closed","ping_status":"closed","template":"","meta":{"footnotes":""},"tags":[],"portfolio_entries":[51],"class_list":["post-2627","portfolio","type-portfolio","status-publish","has-post-thumbnail","hentry","portfolio_entries-artiesten-en-uitvoerders"],"_links":{"self":[{"href":"https:\/\/concertsduprintemps.be\/nl\/wp-json\/wp\/v2\/portfolio\/2627","targetHints":{"allow":["GET"]}}],"collection":[{"href":"https:\/\/concertsduprintemps.be\/nl\/wp-json\/wp\/v2\/portfolio"}],"about":[{"href":"https:\/\/concertsduprintemps.be\/nl\/wp-json\/wp\/v2\/types\/portfolio"}],"author":[{"embeddable":true,"href":"https:\/\/concertsduprintemps.be\/nl\/wp-json\/wp\/v2\/users\/6"}],"replies":[{"embeddable":true,"href":"https:\/\/concertsduprintemps.be\/nl\/wp-json\/wp\/v2\/comments?post=2627"}],"version-history":[{"count":12,"href":"https:\/\/concertsduprintemps.be\/nl\/wp-json\/wp\/v2\/portfolio\/2627\/revisions"}],"predecessor-version":[{"id":2821,"href":"https:\/\/concertsduprintemps.be\/nl\/wp-json\/wp\/v2\/portfolio\/2627\/revisions\/2821"}],"wp:featuredmedia":[{"embeddable":true,"href":"https:\/\/concertsduprintemps.be\/nl\/wp-json\/wp\/v2\/media\/2287"}],"wp:attachment":[{"href":"https:\/\/concertsduprintemps.be\/nl\/wp-json\/wp\/v2\/media?parent=2627"}],"wp:term":[{"taxonomy":"post_tag","embeddable":true,"href":"https:\/\/concertsduprintemps.be\/nl\/wp-json\/wp\/v2\/tags?post=2627"},{"taxonomy":"portfolio_entries","embeddable":true,"href":"https:\/\/concertsduprintemps.be\/nl\/wp-json\/wp\/v2\/portfolio_entries?post=2627"}],"curies":[{"name":"wp","href":"https:\/\/api.w.org\/{rel}","templated":true}]}}

Sébastien Parotte

<style type="text/css" data-created_by="avia_inline_auto" id="style-css-av-m6gwi7vp-fdd0392ae6e7cea8dda413bb3a39c381">
#top .av-special-heading.av-m6gwi7vp-fdd0392ae6e7cea8dda413bb3a39c381{
padding-bottom:10px;
}
body .av-special-heading.av-m6gwi7vp-fdd0392ae6e7cea8dda413bb3a39c381 .av-special-heading-tag .heading-char{
font-size:25px;
}
.av-special-heading.av-m6gwi7vp-fdd0392ae6e7cea8dda413bb3a39c381 .av-subheading{
font-size:15px;
}
</style>
<div  class='av-special-heading av-m6gwi7vp-fdd0392ae6e7cea8dda413bb3a39c381 av-special-heading-h1 blockquote classic-quote classic-quote-left  avia-builder-el-0  el_before_av_hr  avia-builder-el-first '><h1 class='av-special-heading-tag '  itemprop="headline"  >Sébastien PAROTTE</h1><div class='av-subheading av-subheading_below'><p>Operazanger</p>
</div><div class="special-heading-border"><div class="special-heading-inner-border"></div></div></div>

<style type="text/css" data-created_by="avia_inline_auto" id="style-css-av-84t12h-0ad6d187abfb58a0182f40d466421428">
#top .hr.hr-invisible.av-84t12h-0ad6d187abfb58a0182f40d466421428{
height:50px;
}
</style>
<div  class='hr av-84t12h-0ad6d187abfb58a0182f40d466421428 hr-invisible  avia-builder-el-1  el_after_av_heading  el_before_av_one_half '><span class='hr-inner '><span class="hr-inner-style"></span></span></div>
<div  class='flex_column av-5fynt5-81b1f710e60183312fe4d8c152c1ffe4 av_one_half  avia-builder-el-2  el_after_av_hr  el_before_av_one_half  first flex_column_div  '     ><section  class='av_textblock_section av-m6gwnemh-f99bb745e1441021e6910e583f28f6c4 '   itemscope="itemscope" itemtype="https://schema.org/CreativeWork" ><div class='avia_textblock'  itemprop="text" ><div id="tab1-1" class="tab-pane fade in active text-justify">
<div class=""><span class="" data-olk-copy-source="MessageBody">Vanaf jonge leeftijd is muziek zijn taal, zijn therapie en zijn hele wereld. Als operazanger en contrabassist studeerde Sébastien Parotte onder de hoede van José Van Dam, Mya Besselink en Massimo Giorgi. In de afgelopen vijftien jaar heeft hij talrijke rollen vertolkt op de meest prestigieuze Europese podia. Elke uitvoering weerspiegelt zijn gulheid en diepe ambitie: opera en klassieke muziek voor iedereen toegankelijk maken.</span></div>
<div class=""><span class="">Zijn passie voor zingen begon op jonge leeftijd, en hij werd door zowel de Opéra Royal de Liège als De Munt geselecteerd om solorollen als kind te zingen.</span></div>
<div class=""><span class="">Op 17-jarige leeftijd begon hij zijn zangstudies bij Mya Besselink en behaalde hij met uitmuntende prestaties een Master in zang aan de conservatoria van Maastricht en Luik. Tegelijkertijd studeerde hij contrabas bij Massimo Giorgi aan La Santa Cecilia in Rome, waar hij eveneens een Master behaalde.</span></div>
<div class=""><span class="">Sébastien is laureaat van diverse internationale concoursen, waaronder de International Vocal Competition ’s-Hertogenbosch, en was een finalist in de Koningin Elisabethwedstrijd in 2011. Hij nam deel aan de Academies van Verbier en Aix-en-Provence.</span></div>
<div class=""><span class="">Hij volgde masterclasses bij F. Pollet, T. Allen, J. Van Dam, B. Fassbänder, T. Krause, S. Eken, J. Anderson, R. Alexander, H. Deutsch, E. Kontrubas en C. Desderi. Hij zong onder leiding van J.C. Casadesus, Warren-Green, L. Langrée, J. Kreisberg, A. de Marchi, M. Tabachnik, L. Hussain, B. Lévy en M. Bosch.</span></div>
<div class=""></div>
<div class=""><span class="">Zijn toneeldebuut maakte hij in 2005 als Baron Douphol (La Traviata) onder leiding van Jakov Kreizberg bij Jeunesses Musicales Deutschland, gevolgd door Sirocco (L&#8217;Étoile) in 2007 bij Opéra Studio de Strasbourg. In 2008 vertolkte hij rollen zoals Ajax (Orphée aux Enfers), Troyen (Idomeneo), en Little England, evenals Beethovens 9e symfonie en Fauré’s Requiem in de Chapelle Musicale Reine Elisabeth onder begeleiding van José Van Dam.</span></div>
<div class=""></div>
<div class=""><span class="">Op het podium vertolkte hij rollen zoals Don Magnifico (La Cenerentola), Crébillon (La Rondine), Masetto, Leporello en Don Giovanni (Don Giovanni), de Boom en de Fauteuil (L&#8217;Enfant et les Sortilèges), Inigo (L&#8217;Heure Espagnole), Graaf en Antonio (Le Nozze di Figaro), Cithéron en Momus (Platée), Montano (Otello), Scarpia en Angelotti (Tosca), de Hogepriester (Nabucco), Thoré en Maurevert (Les Huguenots), Ping (Turandot), Steuermann (Tristan und Isolde), Baron Douphol, de Markies en de Dokter (La Traviata), Mars (Orphée aux Enfers), in België, Italië, Duitsland, Oostenrijk, Frankrijk, Zwitserland, Servië en Montenegro.</span></div>
<div></div>
<div class=""><span class="">Overal in Europa ontdekt Sébastien nieuwe visies op kunst en cultuur, een diversiteit die hem fascineert. Hij blijft zich voortdurend ontwikkelen, werkend aan zowel zijn stem als contrabas. Liefde is zijn drijfveer. Liefde voor muziek, publiek, vakmanschap en familie. Net zoals Don Quichot in elke herberg een kasteel ziet, ziet Sébastien sterren in elke zaal. Zoals Don Quichot in de minste herberg een betoverd kasteel ziet, ziet Sébastien sterren in elke zaal, van kleine theaters tot grote huizen. Overal waar hij komt, houdt hij ervan om in de coulissen te wandelen, te praten met de technici, de elektriciens, de timmermannen, al deze beroepen die de tandwielen van de opera aandrijven.</span></div>
<div class=""><span class="">Even gepassioneerd op het podium als in het dagelijks leven, zingt hij altijd met dezelfde vrijgevigheid.</span></div>
<div class=""><span class="">In elk geval vindt de emotie haar weg, geleid door de diepe stem van deze zanger met een groot hart.</span></div>
</div>
</div></section></div>
<div  class='flex_column av-4ri6a1-0832d27eaa42322e131b6da654494d80 av_one_half  avia-builder-el-4  el_after_av_one_half  el_before_av_hr  flex_column_div  '     ><p>
<style type="text/css" data-created_by="avia_inline_auto" id="style-css-av-m6gwjnak-f747b241e6c523b875c49e86011fd5f1">
.avia-image-container.av-m6gwjnak-f747b241e6c523b875c49e86011fd5f1 img.avia_image{
box-shadow:none;
}
.avia-image-container.av-m6gwjnak-f747b241e6c523b875c49e86011fd5f1 .av-image-caption-overlay-center{
color:#ffffff;
}
</style>
<div  class='avia-image-container av-m6gwjnak-f747b241e6c523b875c49e86011fd5f1 av-styling- avia-align-center  avia-builder-el-5  el_before_av_buttonrow  avia-builder-el-first '   itemprop="image" itemscope="itemscope" itemtype="https://schema.org/ImageObject" ><div class="avia-image-container-inner"><div class="avia-image-overlay-wrap"><img decoding="async" fetchpriority="high" class='wp-image-2287 avia-img-lazy-loading-not-2287 avia_image ' src="https://concertsduprintemps.be/wp-content/uploads/sites/3/2025/01/Parotte-solo-241x300.jpg" alt='' title='Parotte solo'  height="300" width="241"  itemprop="thumbnailUrl" srcset="https://concertsduprintemps.be/wp-content/uploads/sites/3/2025/01/Parotte-solo-241x300.jpg 241w, https://concertsduprintemps.be/wp-content/uploads/sites/3/2025/01/Parotte-solo-768x957.jpg 768w, https://concertsduprintemps.be/wp-content/uploads/sites/3/2025/01/Parotte-solo-566x705.jpg 566w, https://concertsduprintemps.be/wp-content/uploads/sites/3/2025/01/Parotte-solo.jpg 822w" sizes="(max-width: 241px) 100vw, 241px" /></div></div></div><br />
<div  class='avia-buttonrow-wrap av-m6gwk8ty-602b702d5bd6a161f66288128f1d5a95 avia-buttonrow-center  avia-builder-el-6  el_after_av_image  avia-builder-el-last '>

<style type="text/css" data-created_by="avia_inline_auto" id="style-css-av-m6gwlma0-3278f17b1c28f1800d91eb363ee18690">
#top #wrap_all .avia-button.av-m6gwlma0-3278f17b1c28f1800d91eb363ee18690{
margin-bottom:5px;
margin-right:3px;
margin-left:3px;
}
</style>
<a href='https://www.christianemarieriedl.com/about-4'  class='avia-button av-m6gwlma0-3278f17b1c28f1800d91eb363ee18690 avia-icon_select-yes-left-icon avia-size-large avia-color-theme-color'  target="_blank"  rel="noopener noreferrer"  aria-label="Meer weten"><span class='avia_button_icon avia_button_icon_left avia-svg-icon avia-font-svg_entypo-fontello' data-av_svg_icon='5' data-av_iconset='svg_entypo-fontello'></span><span class='avia_iconbox_title' >Meer weten</span></a>
</div></p></div>
<style type="text/css" data-created_by="avia_inline_auto" id="style-css-av-22qt1l-7eb9829bc02e0f8bf5b2cb1ac8c86ce9">
#top .hr.hr-invisible.av-22qt1l-7eb9829bc02e0f8bf5b2cb1ac8c86ce9{
height:50px;
}
</style>
<div  class='hr av-22qt1l-7eb9829bc02e0f8bf5b2cb1ac8c86ce9 hr-invisible  avia-builder-el-7  el_after_av_one_half  avia-builder-el-last '><span class='hr-inner '><span class="hr-inner-style"></span></span></div></p>
